inder when 137083 is divided by 1925.
408
What is the remainder when 191346 is divided by 2773?
9
Calculate the remainder when 1438596 is divided by 719296.
4
Calculate the remainder when 65185873 is divided by 45.
43
Calculate the remainder when 56469 is divided by 5032.
1117
Calculate the remainder when 8983323 is divided by 6750.
5823
What is the remainder when 34243368 is divided by 2621?
3
What is the remainder when 1140298 is divided by 34?
6
What is the remainder when 1559132 is divided by 141736?
36
What is the remainder when 45430 is divided by 2275?
2205
Calculate the remainder when 279539 is divided by 1419.
1415
Calculate the remainder when 696122 is divided by 794.
578
What is the remainder when 12996184 is divided by 54377?
81
What is the remainder when 13731 is divided by 1578?
1107
Calculate the remainder when 2157913 is divided by 14.
9
What is the remainder when 31959452 is divided by 27815?
17
Calculate the remainder when 37443817 is divided by 278.
275
What is the remainder when 2784001 is divided by 16092?
85
Calculate the remainder when 1269880 is divided by 688.
520
What is the remainder when 507532 is divided by 128?
12
Calculate the remainder when 75688 is divided by 5391.
214
What is the remainder when 11168460 is divided by 27?
18
Calculate the remainder when 51099055 is divided by 36.
7
What is the remainder when 86150 is divided by 85710?
440
What is the remainder when 303100 is divided by 75775?
0
What is the remainder when 394607 is divided by 197299?
9
Calculate the remainder when 67133350 is divided by 4475555.
25
What is the remainder when 40598 is divided by 980?
418
Calculate the remainder when 46034 is divided by 5741.
106
What is the remainder when 13387040 is divided by 30564?
8
What is the remainder when 48557 is divided by 16043?
428
What is the remainder when 717053 is divided by 650?
103
What is the remainder when 41419 is divided by 1229?
862
Calculate the remainder when 4213773 is divided by 117049.
9
Calculate the remainder when 10916811 is divided by 26955.
36
Calculate the remainder when 2629453 is divided by 3984.
13
Calculate the remainder when 69201969 is divided by 3447.
3444
Calculate the remainder when 223215 is divided by 20292.
3
What is the remainder when 7461042 is divided by 1869?
1863
What is the remainder when 95712 is divided by 42?
36
Calculate the remainder when 68074 is divided by 32752.
2570
Calculate the remainder when 1575528 is divided by 9003.
3
What is the remainder when 303585 is divided by 60672?
225
Calculate the remainder when 3792744 is divided by 41.
39
What is the remainder when 171176 is divided by 82536?
6104
Calculate the remainder when 2056827 is divided by 7117.
14
Calculate the remainder when 48321 is divided by 545.
361
What is the remainder when 46321 is divided by 1222?
1107
Calculate the remainder when 58843677 is divided by 103.
86
Calculate the remainder when 1585640 is divided by 3508.
24
What is the remainder when 6927523 is divided by 6642?
6559
Calculate the remainder when 42577753 is divided by 1891.
1888
Calculate the remainder when 445498 is divided by 676.
14
What is the remainder when 59403 is divided by 18828?
2919
What is the remainder when 629985 is divided by 94?
91
Calculate the remainder when 52426 is divided by 115.
101
What is the remainder when 262377 is divided by 18834?
17535
Calculate the remainder when 939026 is divided by 1886.
1684
Calculate the remainder when 639035 is divided by 319315.
405
What is the remainder when 1891529 is divided by 4139?
6
What is the remainder when 16872755 is divided by 7?
4
What is the remainder when 35406894 is divided by 62?
58
Calculate the remainder when 373709 is divided by 123510.
3179
Calculate the remainder when 19450209 is divided by 243.
3
Calculate the remainder when 405395 is divided by 13512.
35
What is the remainder when 9100394 is divided by 3085?
2729
What is the remainder when 74367 is divided by 22?
7
Calculate the remainder when 19062130 is divided by 405.
400
What is the remainder when 15754392 is divided by 130?
82
What is the remainder when 311878 is divided by 155676?
526
What is the remainder when 25303677 is divided by 25303657?
20
Calculate the remainder when 13272125 is divided by 11632.
13
What is the remainder when 129249655 is divided by 30?
25
Calculate the remainder when 6208516 is divided by 187.
116
Calculate the remainder when 19234315 is divided by 84.
79
Calculate the remainder when 1206047 is divided by 325.
297
What is the remainder when 1300623 is divided by 210?
93
What is the remainder when 2913908 is divided by 17660?
8
Calculate the remainder when 6688136 is divided by 85.
81
Calculate the remainder when 17367503 is divided by 3.
2
What is the remainder when 36297 is divided by 407?
74
What is the remainder when 503226 is divided by 2856?
570
What is the remainder when 853589 is divided by 689?
607
What is the remainder when 5781534 is divided by 585?
564
What is the remainder when 527750 is divided by 1145?
1050
Calculate the remainder when 9671042 is divided by 154.
150
Calculate the remainder when 901282 is divided by 715.
382
What is the remainder when 44298 is divided by 22140?
18
Calculate the remainder when 19215134 is divided by 16.
14
Calculate the remainder when 3191531 is divided by 52.
31
What is the remainder when 33760465 is divided by 8440113?
13
What is the remainder when 883854 is divided by 617?
310
Calculate the remainder when 5142516 is divided by 233.
206
Calculate the remainder when 9859281 is divided by 665.
656
Calculate the remainder when 38350031 is divided by 1604.
1599
What is the remainder when 520978 is divided by 33?
7
Calculate the remainder when 2342375 is divided by 468472.
15
What is the remainder when 142464503 is divided by 17342?
17315
What is the remainder when 28444 is divided by 27981?
463
Calculate the remainder when 9492382 is divided by 114366.
4
What is the remainder when 28793261 is divided by 16?
13
Calculate the remainder when 1071841 is divided by 12760.
1
Calculate the remainder when 552561202 is divided by 601.
600
What is the remainder when 1554607 is divided by 26803?
33
What is the remainder when 74746 is divided by 3732?
106
Calculate the remainder when 33441730 is divided by 1956.
1954
What is the remainder when 539794 is divided by 245?
59
What is the remainder when 60551 is divided by 2752?
7
What is the remainder when 3824901 is divided by 209?
201
Calculate the remainder when 277274 is divided by 6750.
524
Calculate the remainder when 34703 is divided by 2295.
278
What is the remainder when 10432826 is divided by 99?
8
Calculate the remainder when 864968 is divided by 646.
620
What is the remainder when 21610175 is divided by 96?
95
Calculate the remainder when 138843 is divided by 9914.
47
What is the remainder when 9641645 is divided by 185416?
13
What is the remainder when 1774778 is divided by 292?
2
What is the remainder when 9488071 is divided by 23?
19
What is the remainder when 5094465 is divided by 54?
51
What is the remainder when 197751 is divided by 561?
279
Calculate the remainder when 32744945 is divided by 2561.
2560
Calculate the remainder when 353143 is divided by 117681.
100
Calculate the remainder when 804436 is divided by 15773.
13
What is the remainder when 115610167 is divided by 184?
23
Calculate the remainder when 344969 is divided by 13671.
3194
Calculate the remainder when 262839 is divided by 2.
1
What is the remainder when 2388055 is divided by 265336?
31
What is the remainder when 198004 is divided by 27527?
5315
What is the remainder when 523561 is divided by 523540?
21
What is the remainder when 479535 is divided by 2261?
203
Calculate the remainder when 1069414 is divided by 109.
15
What is the remainder when 25434627 is divided by 25434612?
15
What is the remainder when 11868498 is divided by 190?
148
Calculate the remainder when 2145697 is divided by 270.
7
What is the remainder when 128012 is divided by 2134?
2106
Calculate the remainder when 1163588 is divided by 387096.
2300
Calculate the remainder when 2378215 is divided by 1082.
1061
What is the remainder when 4055382 is divided by 289669?
16
What is the remainder when 572937111 is divided by 190979036?
3
Wh